?
4
What is the units digit of 690409?
9
What is the tens digit of 1343249?
4
What is the units digit of 2838088?
8
What is the thousands digit of 3533964?
3
What is the ten thousands digit of 2255934?
5
What is the hundreds digit of 2010947?
9
What is the units digit of 574665?
5
What is the hundreds digit of 166165?
1
What is the tens digit of 399619?
1
What is the hundreds digit of 817434?
4
What is the hundreds digit of 2420200?
2
What is the hundred thousands digit of 4351607?
3
What is the ten thousands digit of 147685?
4
What is the units digit of 11651?
1
What is the units digit of 1843330?
0
What is the ten thousands digit of 3777168?
7
What is the hundreds digit of 3020518?
5
What is the tens digit of 904838?
3
What is the hundred thousands digit of 1179555?
1
What is the units digit of 182807?
7
What is the units digit of 6186936?
6
What is the units digit of 6997335?
5
What is the ten thousands digit of 1509617?
0
What is the tens digit of 1616073?
7
What is the tens digit of 1301158?
5
What is the ten thousands digit of 75660?
7
What is the hundreds digit of 55000?
0
What is the millions digit of 18148407?
8
What is the millions digit of 22064104?
2
What is the ten thousands digit of 1527134?
2
What is the hundreds digit of 2159077?
0
What is the thousands digit of 336531?
6
What is the ten thousands digit of 370509?
7
What is the hundreds digit of 240547?
5
What is the hundreds digit of 11025?
0
What is the thousands digit of 12531799?
1
What is the millions digit of 1009925?
1
What is the thousands digit of 146178?
6
What is the hundreds digit of 7886984?
9
What is the thousands digit of 89869?
9
What is the units digit of 655810?
0
What is the thousands digit of 2457246?
7
What is the hundred thousands digit of 181244?
1
What is the hundred thousands digit of 1941323?
9
What is the units digit of 403370?
0
What is the hundreds digit of 9465?
4
What is the hundred thousands digit of 2737932?
7
What is the hundreds digit of 626635?
6
What is the hundred thousands digit of 4482426?
4
What is the hundred thousands digit of 140849?
1
What is the thousands digit of 271116?
1
What is the hundreds digit of 1631970?
9
What is the tens digit of 688356?
5
What is the hundred thousands digit of 2688238?
6
What is the hundred thousands digit of 12905469?
9
What is the millions digit of 10079473?
0
What is the hundred thousands digit of 5125643?
1
What is the millions digit of 6157910?
6
What is the thousands digit of 19898033?
8
What is the ten thousands digit of 457158?
5
What is the tens digit of 1162946?
4
What is the thousands digit of 5434517?
4
What is the hundreds digit of 18187430?
4
What is the hundred thousands digit of 39182259?
1
What is the hundred thousands digit of 1190871?
1
What is the millions digit of 23161504?
3
What is the tens digit of 3972273?
7
What is the hundred thousands digit of 670782?
6
What is the hundred thousands digit of 2824497?
8
What is the hundreds digit of 3789762?
7
What is the hundreds digit of 118045?
0
What is the units digit of 1370158?
8
What is the units digit of 641887?
7
What is the hundreds digit of 2585027?
0
What is the ten thousands digit of 10943?
1
What is the thousands digit of 15199?
5
What is the hundreds digit of 24015?
0
What is the units digit of 902666?
6
What is the thousands digit of 407605?
7
What is the units digit of 2999376?
6
What is the millions digit of 9605662?
9
What is the hundred thousands digit of 3112213?
1
What is the millions digit of 20340322?
0
What is the hundreds digit of 202078?
0
What is the hundred thousands digit of 161875?
1
What is the tens digit of 3100344?
4
What is the tens digit of 460958?
5
What is the ten thousands digit of 151114?
5
What is the hundreds digit of 87269?
2
What is the thousands digit of 3080488?
0
What is the ten thousands digit of 417693?
1
What is the ten thousands digit of 2129667?
2
What is the millions digit of 2535548?
2
What is the units digit of 91468?
8
What is the hundred thousands digit of 229933?
2
What is the tens digit of 134658?
5
What is the ten thousands digit of 365366?
6
What is the hundred thousands digit of 1638864?
6
What is the hundred thousands digit of 1399833?
3
What is the hundred thousands digit of 1685401?
6
What is the thousands digit of 19676869?
6
What is the hundred thousands digit of 1531286?
5
What is the ten thousands digit of 5538272?
3
What is the ten thousands digit of 945963?
4
What is the units digit of 9843861?
1
What is the ten thousands digit of 988665?
8
What is the millions digit of 2457347?
2
What is the thousands digit of 7486784?
6
What is the ten thousands digit of 4185317?
8
What is the ten thousands digit of 6933602?
3
What is the tens digit of 930537?
3
What is the hundred thousands digit of 2403806?
4
What is the millions digit of 6976218?
6
What is the hundred thousands digit of 1162565?
1
What is the tens digit of 18947768?
6
What is the ten thousands digit of 1879347?
7
What is the millions digit of 3062745?
3
What is the ten thousands digit of 135911?
3
What is the ten thousands digit of 16133355?
3
What is the ten thousands digit of 181699?
8
What is the tens digit of 9360898?
9
What is the units digit of 3262879?
9
What is the ten thousands digit of 1029366?
2
What is the units digit of 140061?
1
What is the tens digit of 3072816?
1
What is the tens digit of 16579084?
8
What is the hundred thousands digit of 990972?
9
What is the hundred thousands digit of 161394?
1
What is the ten millions digit of 12024809?
1
What is the hundred thousands digit of 202023?
2
What is the thousands digit of 212535?
2
What is the ten thousands digit of 453877?
5
What is the ten thousands digit of 66354?
6
What is the hundred thousands digit of 102583?
1
What is the ten thousands digit of 224151?
2
What is the thousands digit of 131398?
1
What is the thousands digit of 2621837?
1
What is the tens digit of 10784?
8
What is the thousands digit of 1209549?
9
What is the hundreds digit of 3360227?
2
What is the tens digit of 320749?
4
What is the ten thousands digit of 3496613?
9
What is the units digit of 350106?
6
What is the millions digit of 2698950?
2
What is the hundreds digit of 9148443?
4
What is the ten thousands digit of 663164?
6
What is the thousands digit of 92469?
2
What is the millions digit of 2650246?
2
What is the thousands digit of 492161?
2
What is the millions digit of 1231605?
1
What is the ten thousands digit of 23526543?
2
What is the units digit of 1249820?
0
What is the tens digit of 70595?
9
What is the ten thousands digit of 225164?
2
What is the thousands digit of 171481?
1
What is the hundreds digit of 1710329?
3
What is the hundreds digit of 8425145?
1
What is the hundreds digit of 2376945?
9
What is the millions digit of 1950302?
1
What is the thousands digit of 2827669?
7
What is the hundred thousands digit of 648006?
6
What is the ten thousands digit of 143922?
4
What is the millions digit of 7721001?
7
What is the ten thousands digit of 211097?
1
What is the units digit of 10314398?
8
What is the hundreds digit of 3787331?
3
What is the hundred thousands digit of 11300447?
3
What is the units digit of 2203691?
1
What is the hundred thousands digit of 1081579?
0
What is the units digit of 207970?
0
What is the thousands digit of 1187730?
7
What is the tens digit of 372455?
5
What is the ten millions digit of 22933046?
2
What is the thousands digit of 1424744?
4
What is the ten thousands digit of 13342568?
4
What is the units digit of 4165107?
7
What is the millions digit of 4239858?
4
What is the millions digit of 2311027?
2
What is the units digit of 2336620?
0
What is the units digit of 2120496?
6
What is the units digit of 12551264?
4
What is the hundreds digit of 342016?
0
What is the hundred thousands digit of 206016?
2
What is the ten thousands digit of 502769?
0
What is the tens digit of 110586?
8
What is the millions digit of 6537962?
6
What is the units digit of 10185412?
2
What is the tens digit of 1412718?
1
What is the hundred thousands digit of 103657?
1
What is the hundreds digit of 5155637?
6
What is the thousands digit of 2448718?
8
What is the hundreds digit of 163864?
8
What is the tens digit of 193366?
6
What is the units digit of 8591742?
